-15
-38 + 9 + (2 - (1 + -5 + -4))
-19
-381 + 387 - (11 - 0)
-5
Calculate -1 + -1 - ((-13 - -5) + 8).
-2
Calculate 7 - (-12 + (2 + -12 - -20)) - -5.
14
Evaluate 15 + -17 + (15 - -5).
18
What is -14 + -4 - (-16 + (10 + -11 - -7))?
-8
(-7 + 4 - 3) + 8 + -3 + -6
-7
What is the value of 19 + (2 - 7) + -36?
-22
Calculate 8 - (-2 + (8 - -1) + 7) - -10.
4
Evaluate -4 + (-2 + (3 - 4) - -3) - -2.
-2
Calculate (6 + -1 + 6 + -9 - 7) + -5.
-10
Evaluate -20 - (-3 - 12) - 2.
-7
Calculate (40 - (67 - 29)) + (-1 - -1) - -16.
18
What is the value of (11 - (-1 - -3)) + -56 + 72?
25
2 + (3 - 5) + -15
-15
What is (-23 - (-28 - -2)) + 15?
18
What is the value of -1 - (-1 - (17 - (9 + -4)))?
12
Calculate 0 + -15 - (-12 + 6 - (-4 + 1)).
-12
What is the value of (4 - -4 - -1) + (-5 - -2 - -18)?
24
What is the value of 2 + (-23 + 1 - -9)?
-11
What is (-13 - -1) + (-42 - (-19 - 45))?
10
23 - ((6 - 18) + 8)
27
What is 1 + -30 + 13 - -9?
-7
What is -18 - ((-47 - -17) + -2)?
14
What is the value of -7 + -2 - (0 - 8) - (2 + 2)?
-5
(1 - -18) + -18 + 1
2
What is the value of (2 - -14) + -247 + 248?
17
What is -12 - (-2 - (-2 - -1)) - (-30927 - -30931)?
-15
Evaluate (-80 - -139) + (-25 - 2).
32
Evaluate -2 + -1 - (4 + 2 + (-61 - -75)).
-23
(0 - 2 - -9) + (5 - -5) + -12
5
Calculate 177 - 171 - (0 + 1 + 11 + 1).
-7
(-2 - 0) + 11 + (17 + -19 - -9)
16
5 - -8 - (25 + -16)
4
Evaluate 23 + (23 - 20 - 19).
7
What is -12 + -1 + 2 - (0 - (-30 + 35))?
-6
What is the value of (-13 - -41) + 1 + -5 + 1?
25
What is (-7 + 14 - (-8 + 5 - -6)) + 3?
7
Calculate 34 + -48 - (4 - 3 - 1).
-14
3 - ((0 - -17) + -11) - (8 - 0)
-11
-3 + 25 + (-34 - -26)
14
Calculate -41 - -19 - -31 - (0 + 1).
8
Calculate -11 - (-129 + 140 - (1 + 20)).
-1
Calculate -1 + (-17 - -8) - ((-5 - -9) + -5).
-9
What is the value of 18 - (34 + 18 + -17)?
-17
What is -5 - (-13 - -3) - (15 - (-2 + 2))?
-10
What is -8 - (33 - -3) - (-38 + 27)?
-33
What is -11 - (0 - 1 - 6)?
-4
Evaluate -21 + 34 + 22 + -54.
-19
2 + 20 + -2 - (-15 + (45 - 23))
13
What is the value of 26 + -35 + -12 + 29 + 0 + -22?
-14
What is the value of 1 + (-62 - -66) + 0 + -1 + -1?
3
(0 - (13 - 7 - -1)) + 26
19
What is -44 + 16 + (-38 - -45)?
-21
What is (-11 - -19 - 25) + 22 + -4?
1
What is the value of -1 - (3 - (8 - -10) - -8)?
6
Calculate -3 - ((-5 + -5 + -1 - 1) + -1).
10
Evaluate 21 + 2 - 1 - (-16 - 15 - -29).
24
Calculate 15 + (-4 + 2 - -1) - 11.
3
What is (-13 - 22) + 26 - -18?
9
What is the value of (-1 - -14) + (-126 + 141 - (1 + 24))?
3
What is -10 - (-1 - ((8 - 6) + 4))?
-3
What is the value of (-11 + 65 - 45) + (-2 + 3 - 27)?
-17
Calculate (-16 - -9 - -15) + -1 + -5.
2
Calculate (1 - -6) + 14 + -6 + -18 + 4.
1
Calculate -12 - -11 - (9 - (3 - -5)).
-2
Evaluate -86 + 115 - (8 - -15).
6
(45 + 11 - 21) + -38
-3
Calculate 41 + -40 + 28 + -5.
24
What is -6 + (-2 + -2 - -10) + 7 + 1?
8
What is the value of -14 + (-5 - -12) + -1 + -3 + 16?
5
(0 - 5) + 14 + -1 - (2 - 1)
7
Evaluate (3 - 0 - 1) + 33 + -37 + 4.
2
What is -12 + (20 + -10 - (0 - -4))?
-6
-5 + 10 + -5 + 4 - (2 + 2)
0
-481 + 473 + 32 + (2 - 3)
23
Evaluate -2 + 29 - (6 - -2 - -5 - 9).
23
What is the value of (16 - (-11 + 3) - 57) + (0 - -10)?
-23
Calculate -4 - (16 + -65 + 22).
23
30 + 3 + -26 + (-2 - 2)
3
What is the value of -10 + (-8 - (-15 - 9)) - 24?
-18
Calculate (-8 - (-16 + 6)) + -7 + 2 + 2.
-1
Evaluate -1 + -8 + 8 + -23 + 17.
-7
Calculate (-6 + 0 - (21 + -7 - 30)) + -6.
4
What is the value of -7 - -14 - 4 - -4 - 3 - 5?
-1
16 + -83 + 6 + 32
-29
Evaluate 10 - 46 - (-2 - 19).
-15
What is -9 + 3 + -8 + 18 + -12?
-8
What is 5 + (10 - 8) + 1 + 0?
8
Calculate 0 + (57 - 30 - 23 - (5 + 1)).
-2
Calculate -12 + -10 + (13 - -25).
16
What is 29 + (5 - 0) + 3 + (-6 - 6)?
25
What is the value of -16 - (1 + -10 + -18 + 19)?
-8
What is 11 + -16 - (2 + (-6 - 1 - -10))?
-10
What is 35 + -5 + -46 + 19?
3
Calculate 6 + 5 + (-3 - (-7 - -18)).
-3
What is 0 + 1 - (86 - 86)?
1
(8 - (7 + 2 + -8)) + 21
28
(-17 - (12 - 25)) + (-5 - 9)
-18
What is the value of -13 - 0 - (0 + -5 + 3 - -2)?
-13
What is 6 + (-47 + 23 - -23)?
5
What is (-1 - -3) + (-5 - 0 - (24 - 25))?
-2
What is (-24 - -1) + 10 + 14?
1
Evaluate (-41 - -69) + (-3 - 8) + 0.
17
Evaluate (-10 - (-4 - -9)) + 7.
-8
-5 + 17 + (-11 - -4)
5
Calculate -2 + -2 + -1 + (5 + -10 - -8).
-2
Calculate (0 - -5) + -12 + (-6 - -10) + -11.
-14
What is 11 + -6 + 11 + -8 + (4 - 0)?
12
What is 4 - (0 - -15 - 2)?
-9
Calculate -7 - (-2 + (16 - 30)).
9
Calculate 11 + 1 + 6 + -9 - 1 - -8.
16
Calculate (58 + -38 - (-5 - -15)) + -40 + 0.
-30
Evaluate -12 + 18 - 8 - (-7 - -7).
-2
What is the value of 17 - (-8 + 4 - -31)?
-10
Calculate -19 + 16 + 3 - 23.
-23
-24 - (23 + -66) - 1
18
Evaluate (-2 + 4 - 5) + (-6 - 0).
-9
What is the value of 24 - (-2 - -4) - (-9 - -17)?
14
What is 7 + (0 - 2) + (-26 - -12 - -7)?
-2
(-50 - (-12 + -14)) + 29
5
(-24 - 2) + -207 + 231
-2
Calculate 69 + -79 - (0 + -9).
-1
Evaluate 4 + 15 - (257 - 239).
1
What is -7 - (2 + (10 - 1) + -1)?
-17
What is the value of -15 + 2 - (38 - 68 - -39)?
-22
Calculate -4 - (-9 - (-9 - -2 - -2)).
0
Evaluate 0 + -7 + 2 + 56 + -52 - 6.
-7
0 - -2 - (33 - (28 - 8))
-11
10 - (3 + -2 - (15 + -27))
-3
13 + -1 + -3 - (-11 - (-2 - 2))
16
What is (16 - -5) + 6 - 31?
-4
Calculate (0 - (-4 + -2 + 4)) + 1 + 9.
12
Calculate -31 + 34 + 5 + (-2 - 0).
6
What is the value of 5 - (-19 - (-14 - (-4 - (0 - -2))))?
16
Calculate 16 + -5 + (1 - 10) + 9 + 22.
33
(104 - 109) + 6 + -5 + 3
-1
Calculate (13 + 0 - 5) + -21 + 4.
-9
What is (4 - -2) + -7 - 5?
-6
0 + (2 - 6) - ((111 - 126) + -22)
33
Calculate (-1 - -11) + -64 + 66 + -16.
-4
What is the value of -1 + (-30 + 41 - (3 + -1 + -11))?
19
What is 1 + -6 + 18 + (16 - 36)?
-7
(41 - 40) + 1 + (-2 - 9)
-9
Evaluate (110 - 110) + -9 + 0 + 0 + 2.
-7
What is the value of -39 + 42 - (-3 - -11 - -8)?
-13
What is the value of 19 + -30 + -5 + 3?
-13
What is the value of 3 + -17 - (47 + -50) - (-2 + -37)?
28
What is the value of (-2 - -4) + 7 + -2?
7
Calculate 52 + -7 + -14 + -21.
10
Calculate 5 + -7 + 16 + -3.
11
Calculate -6 - (-2 - -8 - 7 - 13).
8
What is the value of (-3 - -6 - 0) + (-86 - -83)?
0
What is the value of 27 - (4 + 27) - -36?
32
What is the value of -6 + -2 - (5 + (-5 - 3) + 4)?
-9
Calculate (4 - -3) + -11 + 9.
5
7 + -2 - (29 + -11)
-13
Calculate (5 + -6 + 7 - (1 - -7)) + -1.
-3
460 - 441 - (27 - -1)
-9
-9 + 7 - (1 - 9) - (32 + -20)
-6
What is -2 + (2 - 5) - -7?
2
Evaluate -69 - (10 - 36) - (-20 - -5).
-28
Evaluate -1 + (-11 - 9) + 5.
-16
What is -4 - ((-48 - -22) + 25)?
-3
Evaluate 7 - (-31 + 29 - (-2 - -1)).
8
Calculate (-14 - -15 - 18) + 18.
1
28 + (25 - 56) - (3 + -24 + -3)
21
What is the value of 18 - -1 - (-346 - -361)?
4
Evaluate (-6 + (12 - -3) + -7 - -1) + 7.
10
Calculate -7 + (25 + -10 - -11).
19
Calculate -7 + (-11 - (-9 + -4)) + -14.
-19
Calculate (-3 - (-5 - 21)) + -5 + 5 + -10.
13
What is (-8 - -11) + -11 - (-9 - -2)?
-1
Calculate 1 - ((-16 - -4 - -8) + 1).
4
-1 + (-1 - 1) + 7 + (-7 - -4)
1
Calculate (2 - 0) + 1 - (-4 - 2) - 4.
5
What is 5 + 4 + 0 + (-7 - -17)?
19
Evaluate -13 + (9 - (-1 - -4)) + 0 + -1.
-8
What is the value of (-6 - (6 + -12 - -3)) + -13?
-16
What is (18 + 0 - (58 - 16)) + (-1 - -10)?
-15
Calculate (-7 + -2 + (-49 - -60) - -4) + 9.
15
Evaluate (1 - 7) + -38 + 14 + 14.
-16
19 + -16 + 1 + 0 + 8
12
55 + -38 + 10 + 0 + 2
29
-3 - (-8 - -15 - -7)
-17
Evaluate -6 + (8 - (7 + -5)) - (-10 - 3).
13
(0 - -4) + 3 - (-87 - -86)
8
4 + (-10 - -6) - 4
-4
Evaluate (22 - 20) + -2 + 17.
17
Calculate (-20 - -17) + 28 - 21.
4
Calculate 9 - (0 - 7 - -12).
4
What is the value of (-8 - (-11 + -11 + 10)) + -12?
-8
What is the value of (2 + (-11 - -3) - (-2 + 6)) + 3?
-7
Evaluate 15 + (-1 + 5 - 1) + -4.
14
-1 - 9 - ((-5 - -24) + 27 - 29)
-27
What is the value of (99 - 108) + 0 + -3 + 17?
5
What is -13 - (27 + -41 + 3 + 18)?
-20
Evaluate (-51 - -30) + -27 + 30.
-18
What is 10 - (13 + (-4 - 3)) - -16 - 5?
15
Calculate -4 + (-3 - -8) - (-6 + 2 + -15).
20
Evaluate (152 + -152 - (8 - 0)) + (0 - -1).
-7
Calculate (-19 - -9) + 19 + -1.
8
What is 14 - (-3 + -11 - -23 - 4)?
9
What is the value of 0 + (-4 - 9) + 18?
5
Evaluate 28 + 3 - -1 - 25.
7
What is 7 + (-3 - (-1 + 5 + 8))?
-8
Evaluate (-14 - (-22 + -4)) + 14 + -3.
23
What is -19 + 14 + 8 + 7?
10
What is 27 + -24 + (-19 - 2) + (4 - -1)?
-13
-3